en 15876 is divided by 31.
4
What is the remainder when 14698 is divided by 22?
2
What is the remainder when 41200 is divided by 807?
43
What is the remainder when 274030 is divided by 218?
4
Calculate the remainder when 3196 is divided by 4.
0
Calculate the remainder when 54361 is divided by 137.
109
Calculate the remainder when 195766 is divided by 419.
93
What is the remainder when 61054 is divided by 53?
51
What is the remainder when 635483 is divided by 3435?
8
Calculate the remainder when 30978 is divided by 50.
28
Calculate the remainder when 7382 is divided by 349.
53
What is the remainder when 242 is divided by 188?
54
What is the remainder when 585386 is divided by 92?
82
What is the remainder when 1396 is divided by 124?
32
What is the remainder when 2774 is divided by 59?
1
Calculate the remainder when 231469 is divided by 36.
25
Calculate the remainder when 69587 is divided by 23122.
221
Calculate the remainder when 427112 is divided by 106777.
4
Calculate the remainder when 1657 is divided by 827.
3
Calculate the remainder when 38773 is divided by 19.
13
Calculate the remainder when 74690 is divided by 227.
7
What is the remainder when 21020 is divided by 10510?
0
What is the remainder when 3343 is divided by 1106?
25
What is the remainder when 115383 is divided by 49?
37
Calculate the remainder when 14746 is divided by 7364.
18
Calculate the remainder when 24681 is divided by 363.
360
What is the remainder when 8888 is divided by 452?
300
Calculate the remainder when 6288 is divided by 488.
432
What is the remainder when 2198 is divided by 538?
46
What is the remainder when 796 is divided by 189?
40
What is the remainder when 11846 is divided by 45?
11
Calculate the remainder when 23913 is divided by 11904.
105
What is the remainder when 134241 is divided by 73?
67
What is the remainder when 243785 is divided by 359?
24
What is the remainder when 10047 is divided by 1674?
3
Calculate the remainder when 3023 is divided by 1508.
7
Calculate the remainder when 1321 is divided by 104.
73
What is the remainder when 2125 is divided by 1020?
85
What is the remainder when 21200 is divided by 223?
15
What is the remainder when 65880 is divided by 985?
870
What is the remainder when 133667 is divided by 54?
17
Calculate the remainder when 1451 is divided by 205.
16
Calculate the remainder when 109498 is divided by 25.
23
What is the remainder when 130261 is divided by 753?
745
Calculate the remainder when 19887 is divided by 139.
10
What is the remainder when 23740 is divided by 23705?
35
What is the remainder when 6760 is divided by 104?
0
What is the remainder when 3775 is divided by 382?
337
What is the remainder when 3037 is divided by 286?
177
What is the remainder when 6454 is divided by 645?
4
What is the remainder when 6219 is divided by 5653?
566
Calculate the remainder when 143023 is divided by 23834.
19
Calculate the remainder when 26013 is divided by 5873.
2521
Calculate the remainder when 9641839 is divided by 10.
9
What is the remainder when 310 is divided by 69?
34
What is the remainder when 240025 is divided by 92?
89
Calculate the remainder when 14183 is divided by 3304.
967
Calculate the remainder when 20057 is divided by 716.
9
Calculate the remainder when 109905 is divided by 675.
555
What is the remainder when 1504246 is divided by 1931?
1928
What is the remainder when 338982 is divided by 81?
78
What is the remainder when 8203 is divided by 479?
60
Calculate the remainder when 23064 is divided by 60.
24
What is the remainder when 31150 is divided by 12?
10
Calculate the remainder when 4282 is divided by 855.
7
What is the remainder when 45086 is divided by 673?
668
Calculate the remainder when 27701 is divided by 81.
80
Calculate the remainder when 6617 is divided by 902.
303
Calculate the remainder when 1454 is divided by 243.
239
What is the remainder when 9732 is divided by 1079?
21
Calculate the remainder when 27369 is divided by 350.
69
Calculate the remainder when 35562 is divided by 494.
488
Calculate the remainder when 1286 is divided by 424.
14
What is the remainder when 193302 is divided by 735?
732
What is the remainder when 275387 is divided by 68836?
43
Calculate the remainder when 103948 is divided by 22.
20
Calculate the remainder when 6747 is divided by 354.
21
What is the remainder when 5128 is divided by 172?
140
What is the remainder when 10951 is divided by 38?
7
Calculate the remainder when 2395 is divided by 57.
1
What is the remainder when 6505743 is divided by 406?
405
Calculate the remainder when 10832 is divided by 541.
12
Calculate the remainder when 23676 is divided by 23673.
3
Calculate the remainder when 2647002 is divided by 189071.
8
What is the remainder when 2660 is divided by 1272?
116
What is the remainder when 31618 is divided by 2792?
906
What is the remainder when 3585 is divided by 299?
296
What is the remainder when 7714 is divided by 435?
319
What is the remainder when 98248 is divided by 6139?
24
What is the remainder when 10989 is divided by 143?
121
Calculate the remainder when 8661611 is divided by 15.
11
Calculate the remainder when 119143 is divided by 304.
279
Calculate the remainder when 2752 is divided by 51.
49
What is the remainder when 9945 is divided by 4944?
57
What is the remainder when 18388 is divided by 53?
50
What is the remainder when 783 is divided by 221?
120
Calculate the remainder when 175413 is divided by 4.
1
What is the remainder when 54679 is divided by 54635?
44
Calculate the remainder when 41915 is divided by 195.
185
What is the remainder when 94596 is divided by 40?
36
Calculate the remainder when 1273 is divided by 20.
13
What is the remainder when 28993 is divided by 67?
49
What is the remainder when 1915 is divided by 254?
137
What is the remainder when 4943 is divided by 506?
389
What is the remainder when 85803 is divided by 16?
11
Calculate the remainder when 73671 is divided by 2302.
7
Calculate the remainder when 107287 is divided by 3153.
85
Calculate the remainder when 38882 is divided by 19437.
8
What is the remainder when 324633 is divided by 668?
653
Calculate the remainder when 26181 is divided by 6543.
9
Calculate the remainder when 2344978 is divided by 340.
338
Calculate the remainder when 45694 is divided by 168.
166
Calculate the remainder when 2797 is divided by 5.
2
Calculate the remainder when 612462 is divided by 102076.
6
Calculate the remainder when 276275 is divided by 462.
461
Calculate the remainder when 110361 is divided by 12.
9
What is the remainder when 5348 is divided by 87?
41
Calculate the remainder when 51194 is divided by 39.
26
Calculate the remainder when 101833 is divided by 73.
71
What is the remainder when 15275 is divided by 91?
78
Calculate the remainder when 1093 is divided by 184.
173
What is the remainder when 6757 is divided by 880?
597
What is the remainder when 17852 is divided by 203?
191
Calculate the remainder when 11972 is divided by 153.
38
What is the remainder when 4624 is divided by 907?
89
Calculate the remainder when 13853 is divided by 2297.
71
What is the remainder when 11993 is divided by 598?
33
What is the remainder when 2632 is divided by 84?
28
What is the remainder when 2998639 is divided by 12?
7
What is the remainder when 10615 is divided by 83?
74
What is the remainder when 11955 is divided by 1887?
633
Calculate the remainder when 156337 is divided by 543.
496
What is the remainder when 1417 is divided by 110?
97
Calculate the remainder when 7472 is divided by 13.
10
Calculate the remainder when 25013 is divided by 8320.
53
What is the remainder when 10218 is divided by 66?
54
Calculate the remainder when 5342 is divided by 345.
167
Calculate the remainder when 32415 is divided by 689.
32
What is the remainder when 1451 is divided by 45?
11
What is the remainder when 10338 is divided by 44?
42
What is the remainder when 323192 is divided by 2860?
12
What is the remainder when 6821 is divided by 91?
87
Calculate the remainder when 6910528 is divided by 1461.
1459
Calculate the remainder when 59974 is divided by 1304.
1294
Calculate the remainder when 2141 is divided by 349.
47
Calculate the remainder when 110677 is divided by 13824.
85
Calculate the remainder when 19955